3?
12
Let q(s) be the second derivative of s**4/12 - s**3/2 + 6*s**2 - 8*s. What is the remainder when q(-6) is divided by 34?
32
Let k = -14 - -22. Let t(v) = v**3 - 9*v**2 + 8*v + 9. What is the remainder when t(k) is divided by 23/5 - 6/10?
1
Let w(q) be the first derivative of 2*q**3/3 - 3*q**2/2 - 4*q - 4. Let t be w(3). Suppose t*k - 149 = 41. What is the remainder when k is divided by 10?
8
Let q = 629 - 615. What is the remainder when 81 is divided by q?
11
Suppose -22 = -24*h + 22*h. What is the remainder when (-194)/(-6) - 2/6 is divided by h?
10
Let d be -10*((-6)/(-10) + -1). Suppose -3*f + 5*g = -d*f + 17, f - 4*g = 26. Let v = 66 + -24. Calculate the remainder when v is divided by f.
20
Let k = 390 + -323. What is the remainder when k is divided by ((-81)/(-12))/(21/112)?
31
Suppose 5*g - 31 = -2*o, -3*o = -o - 4*g - 22. Let v = 5 + -3. What is the remainder when o is divided by v?
1
Suppose -6*w = -2*w - 220. Let a = w + -12. Calculate the remainder when a is divided by 23.
20
Suppose -70 + 10 = -5*z. Let x = z + -19. Calculate the remainder when (-153)/x - 3/(-21) is divided by 5.
2
Suppose -4*k - 21 = -237. Let j = -37 + k. Let y = 35 - j. Calculate the remainder when y is divided by 11.
7
Suppose -26*c + 24 = -2. What is the remainder when 3 is divided by c?
0
Suppose -3*h - 5*m = h - 23, -15 = -5*m. Suppose -5*d + h*d + 54 = 0. What is the remainder when 21 is divided by ((-4)/3)/((-4)/d)?
3
Let n = 305 + 289. What is the remainder when n/8 + (-28)/(-16) + -2 is divided by 26?
22
Let v(b) = -b**3 + 6*b**2 + b - 8. Let j be v(6). Let h = j - -34. What is the remainder when h is divided by 7?
4
Let c(a) = 2*a**3 - 46*a**2 + 20*a - 50. Calculate the remainder when c(23) is divided by 59.
56
Let v(o) = -o + 20. Calculate the remainder when v(-11) is divided by 13.
5
Let c = -346 + 430. Calculate the remainder when c is divided by 45.
39
Let q = -2211 - -2252. What is the remainder when 490 is divided by q?
39
Let n be (-6)/(-12) - ((-1038)/(-4))/(-3). Suppose 5*z - 4*z = 2. Suppose -z*s + 67 + n = 0. What is the remainder when s is divided by 20?
17
Let x = -36 - -41. Suppose 13*l - x*l = 48. Calculate the remainder when l is divided by 2.
0
Let q(x) = -12*x - 194. Calculate the remainder when q(-23) is divided by 42.
40
Let t(r) = 3*r**2 + 3*r + 2. Suppose -2*s - 2*m = -20, -2*s + 7*m + 20 = 2*m. What is the remainder when s is divided by t(-1)?
0
Suppose 5*x = 2*x + 69. Let j = -17 + x. Calculate the remainder when 30 is divided by ((-34)/4)/(j/(-12)).
13
Suppose -2*x + 2*t + 8 = 0, 0 = -4*x + 4*t - 3*t + 13. What is the remainder when (-2 + x)/2 + (-574)/(-4) is divided by 29?
28
Suppose -2*t - 4*s = -2, -t + 1 = -s - 3. Let v(c) = -c**3 - 13*c**2 + 6*c + 10. Let f be v(-13). Let g = f + 79. What is the remainder when g is divided by t?
2
Suppose -645 - 595 = -5*i + 2*h, 25 = 5*h. What is the remainder when i is divided by 32?
26
Suppose 2*h - 5*d = 558, 14*d = 4*h + 15*d - 1138. What is the remainder when h is divided by 22?
20
Let b = -69 - -71. Calculate the remainder when 46 is divided by (-2)/(b/(-50)*2).
21
Let w = -611 + 707. Calculate the remainder when w is divided by 9.
6
Suppose s + 113 = j, 3*j + 565 = 8*j - s. What is the remainder when 788 is divided by j?
110
Suppose 0 = -3*v - 2*s + 210, -350 = -5*v - 2*s - 3*s. Calculate the remainder when v is divided by 39.
31
Suppose -16*j + 592 = 16. Let o(i) = i + 3. Let k be o(-7). What is the remainder when j is divided by (-1)/k + 600/32?
17
Let k = -195 + 217. Calculate the remainder when 124 is divided by k.
14
Let l(d) = 5*d - 31. Let n be l(7). Suppose 2*y = -a + 4, a + 2*y + 44 = n*a. What is the remainder when 57 is divided by a?
9
Suppose -2*v - 2*v = 3*m - 1127, -2*m + 723 = -3*v. Suppose -p - 96 + m = 0. Suppose 7*g - 14 = p. Calculate the remainder when g is divided by 15.
11
What is the remainder when 157 is divided by -1 - 0 - 144/(-3)?
16
Let o = 37 - 57. Let f = o - -41. Suppose -f*q + 38 = -19*q. Calculate the remainder when 36 is divided by q.
17
Suppose -3*w - 9 = 0, -4*p + 5*w = -6*p + 33. Let s = 50 - p. Calculate the remainder when s is divided by 7.
5
Suppose -2*g - 4*q + 2 = 0, -2*q = 4*g - 0*q - 16. Suppose -g*m - 128 = -3*j, j - m - 37 - 3 = 0. Calculate the remainder when j is divided by 13.
10
Suppose 15*w = 19*w - 700. Calculate the remainder when w is divided by (-6 - 145/(-15))/((-1)/(-6)).
21
Calculate the remainder when (2/1)/(4/(-12)) + 1044 is divided by 80.
78
What is the remainder when (-1)/(-2)*(-702)/(-9) is divided by 31?
8
Let y be ((-2)/4)/((-1)/12). Suppose -2*r - 48 = -y*r. What is the remainder when r is divided by 4/(-32)*2*-28?
5
Let z(a) = -a**2 + 31*a + 56. Let x be z(26). Let p = x + -172. Suppose -4 = -3*j + 2*j. What is the remainder when p is divided by j?
2
What is the remainder when 145 is divided by 4/((-180)/(-939)) - 12/(-90)?
19
Let n = 85 - 67. Suppose -4*l = 5*w - 8, 5*l + 4*w = -0*w + 19. Calculate the remainder when n is divided by l.
4
Calculate the remainder when 325 + -41 + 37 + (-6)/2 is divided by 20.
18
Let d be (-310)/(-110) + 2/11. Let q(b) = 4*b**2 + 1. What is the remainder when q(d) is divided by 10?
7
Suppose -5*u + 85 = -4*n + 56, 0 = -5*u + 5*n + 30. What is the remainder when u is divided by 3?
2
Let z = 848 + -820. Calculate the remainder when 111 is divided by z.
27
Suppose 5*n + 2*q = -q - 3, 2 = -2*q. Suppose 0 = -3*a - p + 28, 2*a = -4*p - n + 12. Calculate the remainder when 79 is divided by a.
9
Let b = -2195 - -2220. Calculate the remainder when b is divided by 6.
1
Let l = 53 + 45. Let m be l/7*(-1 + -1). Let j = m + 69. What is the remainder when j is divided by 11?
8
Let v = 135 + -46. Let p = -49 + v. Calculate the remainder when p is divided by 14.
12
Suppose -3*u + 66 = 3*l, -2*u - 2*u - 110 = -5*l. Let s = 42 - l. Calculate the remainder when 79 is divided by s.
19
Calculate the remainder when 24 is divided by 20/(-8)*(-238)/35.
7
Let l be (-1 + 2/2)/(-1). Suppose l = -0*u - 5*u + 115. What is the remainder when 32 is divided by u?
9
Suppose -5*r + 20 = -3*r. Calculate the remainder when r is divided by (-15 - 0)/5 + 2 + 7.
4
Let b = 313 - 298. What is the remainder when 147 is divided by b?
12
Let i = 53 - 37. Calculate the remainder when 127 is divided by i.
15
Let i = -177 + 194. What is the remainder when i is divided by 7?
3
Suppose 2*n + 0*n = -d + 12, 4*d - 3*n = -7. Suppose -10*l = -d*l - 56. Suppose -4*c + 13 = -3*c. Calculate the remainder when c is divided by l.
6
Let c = 110 - 45. Suppose 4*z - c = 23. Let b = z + -1. Calculate the remainder when 103 is divided by b.
19
Suppose -259*c + 6440 = -252*c. What is the remainder when c is divided by 28?
24
Let r(z) = z**3 + z**2 - z. Let c = -8 - -9. Let w be r(c). What is the remainder when 85 is divided by w/(0 + (-2)/(-44))?
19
Let c = -223 - -331. Calculate the remainder when c is divided by 37.
34
Let x be (18/10)/(24*(-5)/(-400)). Let a be (-2 + -1 + 1)*-2. Let c = x + a. Calculate the remainder when c is divided by 3.
1
Let x = -322 + 335. Calculate the remainder when 258 is divided by x.
11
Suppose -2 = v - 3*m + 5, 12 = 4*v - 2*m. Suppose 4*w = 3*t + 54 + 43, 3*t - 101 = -v*w. What is the remainder when w is divided by 22/(-12)*-3 - 1/(-2)?
4
Suppose -5*c - 120 = -7*c. What is the remainder when c is divided by -31*(0 + 4/(-4))?
29
Suppose 8*u = 118 - 30. Suppose o = -3 + u. What is the remainder when 53 is divided by o?
5
What is the remainder when 76 is divided by (-9)/21 - (-5 - (-744)/(-21))?
36
Let p(h) be the third derivative of h**4/12 + 5*h**3/6 - 2*h**2. What is the remainder when 18/(-18) + (-2)/((-2)/43) is divided by p(5)?
12
Let o = 10 - 7. Calculate the remainder when 1/((-7)/(-102)) + 30/70 is divided by (0 + -2)/(o/(-6)).
3
Let u(g) = -4*g. Let q(k) = 7*k**2 - 6*k + 1. Let c be q(3). Suppose -2*t + c = 4*d, 3*d - 4*t - 17 = -2*t. What is the remainder when u(-4) is divided by d?
7
Suppose -5*k - 4*h = -161, 3*h + 30 = 2*k - 39. Calculate the remainder when k is divided by 17.
16
Suppose 112 = -4*m + 276. Calculate the remainder when 940 is divided by m.
38
Let s(v) = 5*v + 14. Let q(w) = -w. Let a(z) = 3*q(z) + s(z). Let x be a(-6). Suppose -x*f - 7 + 31 = 0. Calculate the remainder when 21 is